v**4 - 1/10*v**5 + 0*v + 0*v**3 + 5 - 2*v**2. Give s(-1).
-6
Let l(i) = -4*i**2 + i. Suppose 0 = 3*k - 6*k + 12. Suppose 0 = k*j + 5*j - 9. Give l(j).
-3
Let l(o) = -2*o + o + 2*o - 2 + 0*o. Let v be l(-4). Let f(w) = -21*w + 5. Let r(u) = -13*u + 2. Let m(a) = 3*f(a) - 5*r(a). Determine m(v).
-7
Let i(y) = -2*y**3 + 7*y**2 + 15*y. Let k(r) = 6*r**3 - 23*r**2 - 45*r + 3. Let n(z) = 7*i(z) + 2*k(z). Determine n(-2).
4
Let x(w) be the first derivative of -w**5/60 - w**4/4 + 4*w**3/3 - 17*w**2/2 + 7. Let h(t) be the second derivative of x(t). Calculate h(-7).
1
Suppose -30 = -5*f - b, -6 = -f - 2*b + 7*b. Let u(w) be the first derivative of -w**2 + 13*w + 400. Give u(f).
1
Let d = -274 - -267. Let c(f) = -10*f - 53. Calculate c(d).
17
Let g be (-12)/(-126)*45 + (-4)/14. Let i be (-64)/(-24)*18/g. Let p(a) = -a**3 + 13*a**2 - 12*a. What is p(i)?
0
Let b(j) be the first derivative of j**2/2 - 17*j + 2164. Calculate b(31).
14
Suppose -80*b = -77*b + 9, -4*t + 31 = -5*b. Let z(g) = g**2 + 5*g - 3. Give z(t).
33
Let t(d) be the third derivative of -13*d**5/60 + d**4/8 + d**3/6 - 3*d**2 - 594*d. Calculate t(-2).
-57
Let w(b) = -7*b**3 + 5*b**2 + 10*b - 2. Let m(i) = 5*i**3 - 5*i**2 - 8*i + 1. Let s(t) = 4*m(t) + 3*w(t). Let o = -8 + 13. Suppose -o = -0*u + u. Give s(u).
8
Let w(x) be the first derivative of x**4/4 - 2*x**3 + 8*x - 1. Suppose -29*i = -53*i. Suppose -3*z + 30 = -i*k + 4*k, 5*k - 24 = 3*z. What is w(k)?
8
Let a(f) = -6*f - 93. Let c(m) = 6*m + 102. Let s(y) = 6*a(y) + 5*c(y). Give s(-8).
0
Let u(n) = -n**2 - 8868 + 4388 + 17*n + 4413. What is u(12)?
-7
Let p(y) = -9002*y**2 - y**3 + 38 - 9031*y**2 - y**3 + 17972*y**2 + 32*y. Give p(-31).
7
Let m(v) = -20 - 17 + 3*v + 76 - 21 - 31. Calculate m(10).
17
Let f(m) = -17*m + 4. Let z(q) = q**2 - 86*q + 250. Let w be z(3). Calculate f(w).
-13
Let y(t) = 5 + 12*t**2 - 7*t - 7*t + 4*t + 7*t + 16*t - t**3. Determine y(13).
5
Let q(a) = a**3 - 17*a**2 + 30*a + 4. Let m be 9 + 41/(164/24). Calculate q(m).
4
Let r(p) = p**2 + p - 28. Let n be ((-3)/14)/(18/(-14)) + 185/(-30). Determine r(n).
2
Let o(b) = b**3 + 4*b**2 - 2*b - 8. Let j(n) = 2 + 11*n**2 - 28*n**2 + 12*n**2 - 2*n + n. Let x be j(1). Give o(x).
0
Let j(f) = -f**3 - 4*f**2 + 10*f + 17. Let n = 6403 + -6408. Calculate j(n).
-8
Let g(v) = -5*v - 3. Let k(l) = 17*l - 1. Let h(m) = -7*g(m) - 2*k(m). Calculate h(-13).
10
Let h be 0 + 18/81 - 7114/18. Let a = h - -401. Let d(g) = -g**3 + 6*g**2 - g + 2. What is d(a)?
-4
Let q(s) = -4*s**2 - 2*s - 1. Let z(u) = -29*u**2 - 18*u - 14. Let r(f) = -10*q(f) + z(f). Determine r(3).
101
Suppose 38*y - 28 = -140 - 192. Let o(z) = -z**2 - 13*z - 10. Determine o(y).
30
Let n(p) = -1000 + 1027 - 5*p - 2*p - 3*p**2 + 4*p**2 - 3*p. Give n(3).
6
Let l(z) = z + 5. Let r(b) = 2*b**3 - b**2 - 4*b + 2. Let k be r(-2). Let g be ((-6)/(-15))/(k/(-150)). Calculate l(g).
11
Suppose -47 = -13*l - 47*l + 313. Let g(v) = -2*v. What is g(l)?
-12
Let a(u) = 3*u + 1. Let o be a(2). Let c(i) be the first derivative of -i**2 + 6*i + 242834. Give c(o).
-8
Let i(h) = 55 + 62 + 24*h - 122 + 79 + 80*h**2 - 78*h**2. Determine i(-5).
4
Let i(q) = q**3 - 6*q**2 - 6*q - 7. Suppose 61 = 3*b - 4*j, b + 4*j = 3*b - 34. Suppose -8*p + b + 29 = 0. Determine i(p).
0
Let a(n) = -n**3 + 11*n**2 + 12*n + 10. Let h(b) = b**3 - 8*b**2 - 13*b - 58. Let k be h(10). Calculate a(k).
10
Let a(w) = 74 + 6*w - 37 - 2*w - 40. Let v = -8 - -10. Determine a(v).
5
Let o(n) = -92 - 8*n + 99 + 16*n**2 - 7*n**2 - 10*n**2. What is o(-8)?
7
Let w(l) = 3*l + 1. Suppose -16*u = -10*u - 12. Suppose -22*a = -21*a - 4*i - 13, -u*i - 2 = 4*a. Calculate w(a).
4
Suppose -2*d = 2, b + 4*d = 8 - 10. Let v(r) = 3*r + 3*r - 4*r + 4*r - r**2 + 0*r - b. Give v(4).
6
Suppose -y + 4 = -3*w + 2*w, -3*w - 8 = -2*y. Suppose w = u + 2*u - 4*v - 3, 3*v = 2*u - 3. Let a(j) = -2*j**2 + 2*j + 1. Give a(u).
-23
Let k(b) = -18*b**2 - 1. Let a(v) = -v**3 + 3*v**2 - 2*v + 5. Let g be a(3). Let y be ((-27)/6)/(g/(-8)). Let s be 12/y - 4/6. Determine k(s).
-19
Let o(z) = 12*z**2 + 5*z + 6. Let u be ((-30)/4 - -2) + (-1125)/(-250). Determine o(u).
13
Let n be -18*(-8)/(-16) + 18. Let u(p) = p**3 - 9*p**2 + 9. Give u(n).
9
Let h(i) be the third derivative of -i**2 + 0 + 1/12*i**4 + 0*i**3 - 1/20*i**5 + 0*i + 1/120*i**6. Determine h(2).
0
Let b(q) be the first derivative of 4/3*q**3 - 1/4*q**4 - 20 + 3*q - 1/2*q**2. Give b(4).
-1
Let h(a) be the first derivative of a**4/4 + 25*a**3/3 + 13*a + 5385. Calculate h(-25).
13
Let n(a) = -665*a - 6661. Let x be n(-10). Let t(v) = 9*v + 16. What is t(x)?
-83
Let m(o) = 4*o**3 + 1. Let v(r) = r**3 - r**2 - 4*r - 2. Let s be v(3). Let d be s/(-10) - -1 - (-6)/15. Give m(d).
5
Let m(h) = h**2 - 11*h + 9. Suppose -17*s = -43*s - 4*s + 270. Give m(s).
-9
Let h(k) = -2*k - 80. Let f(a) = 3*a + 177. Let w(c) = 3*f(c) + 7*h(c). Determine w(-8).
11
Suppose 82 = 34*h - 4 - 50. Let l(f) = -f**2 + 2*f - 12. Give l(h).
-20
Let l(a) = -1 + 2*a**2 - a**2 - 2*a**2 - a**3. Suppose 0 = 29*v - 34*v + 25. Suppose -p + 3 = -z, v*z - p - 12 = -5*p. Give l(z).
-1
Let k = -1074 + 1069. Let w(g) = 7*g**2 - g + 2*g + 3 - 6*g**2 + 4*g. Calculate w(k).
3
Let b(k) = 24*k + 66. Let m be ((-335)/134)/((-10)/(-8)) - (3 - 2). Give b(m).
-6
Let b(s) be the second derivative of -5/6*s**3 + 5/2*s**2 + s - 57. What is b(4)?
-15
Let t(u) = u**2 + 24*u + 82. Let v be t(-20). Let f(a) = -5*a + 12. Let r(s) = s - 2. Let b(x) = v*f(x) + 11*r(x). Determine b(5).
7
Suppose -f - j - 10 = 3*j, -5*f = 5*j + 20. Let u = f + -2. Let d(y) = -85 - y - 83 + 242 - 74. What is d(u)?
4
Let x(s) = 3*s**2 + 34*s + 16. Let o be x(-11). Let b be ((-6)/75 + 0)*o*15. Let u(f) = 2*f + 6. What is u(b)?
-6
Let u(m) = -2*m**2 - 12*m - 11. Suppose -12*d - 64*d + d = 525. Determine u(d).
-25
Let k(u) = u**2 - 11*u + 23. Suppose 4*w - 4 = -2*g, 147 = -3*g + 3*w + 180. Give k(g).
-1
Let j = -32622 - -32634. Let h(c) = 6*c**2 - 12*c - 6. Let d(x) = -5*x**2 + 12*x + 6. Let b(z) = 5*d(z) + 4*h(z). What is b(j)?
6
Let b(v) = -v**3 - 3*v**2 + 2*v + 2. Let n be b(-3). Let k = -3 - n. Let r(d) = 123*d**2 + 2*d**3 + 3 + 0*d**3 + 2*d - 3*d**3 - 123*d**2 - 4. Give r(k).
0
Let p be 0/(-3 - 10/(-2)). Let l(f) = -f - 10*f + 20*f - 7*f - f + 11. Give l(p).
11
Suppose -73*z + 78*z - 580 = 0. Let k = z - 193. Let n = k - -77. Let q(x) = -x**2 - x - 7. What is q(n)?
-7
Let n(a) = 34*a**3 + 14*a**2 + 20. Let g(p) = -11*p**3 - 5*p**2 - 7. Let y(r) = -17*g(r) - 6*n(r). Suppose b + 4*s - 19 = 8*b, -4 = b - s. What is y(b)?
17
Let l(c) = -c - 1. Let u = 1565 + -1572. Determine l(u).
6
Let w(i) = 25*i + 10. Let v(t) = 37*t + 11. Let h(c) = 2*v(c) - 3*w(c). Let l be (9/6)/((-3)/(-8)). Suppose -l*r = -4*u - 20, 0 = 2*r + 1 + 5. Give h(u).
0
Suppose 848*f - 865*f - 56 = -175. Let r(j) = -j**2 + 5*j - 11. Calculate r(f).
-25
Let w(x) be the first derivative of 2*x**3/3 + 3*x**2 + 5*x - 14. Let o be w(-5). Let c = o - 30. Let b(z) = z**3 + 5*z**2 - z. Give b(c).
5
Let n(j) be the third derivative of -j**5/4 - 2*j**4/3 + j**3/6 - 481*j**2 + 6*j. Determine n(-1).
2
Let m(k) be the first derivative of k**6/360 + 7*k**5/60 - 5*k**4/12 - k**3/3 + 13*k**2/2 - 116. Let b(h) be the third derivative of m(h). Give b(-15).
5
Let j(c) = -c**3 - 4*c**2 - 4*c - 4. Let y(h) = -h**3 - h**2 - 2*h - 1. Let d(k) = -j(k) + 2*y(k). Calculate d(2).
2
Let v(n) = -3*n - 3. Suppose -14*u = -15*u + 7. Suppose -5*a = -5*p, -u*a = -2*p - 2*a + 6. Calculate v(p).
3
Let p(q) be the first derivative of -q**4/4 + 2*q**3/3 + q - 108. Suppose 0*y - 5*y = -25. Suppose -f = 2 - y. Give p(f).
-8
Let l(h) = 46*h - 232. Let v(a) = 11*a**2 + 362*a - 28. Let g be v(-33). What is l(g)?
-2
Suppose -s + 4*s + 18 = 0. Let p(y) be the third derivative of y**4/24 + 2*y**3/3 + 2*y**2 + 101. Let v be p(s). Let r(u) = u**2 - 2*u - 2. Calculate r(v).
6
Let y(d) = -7*d + 5. Let x(f) = 32*f - 26. Let s(t) = 3*x(t) + 14*y(t). Suppose 31*z - 12*z = 133. What is s(z)?
-22
Let u(q) be the second derivative of -1/6*q**4 + 0*q**2 + 0 + 19*q + 0*q**3 - 1/144*q**6 + 1/40*q**5. Let f(t) be the third derivative of u(t). What is f(-3)?
18
Let z = -983 + 977. Let i(w) = -4*w**2 - 9*w + 2. Let t(o) = 9*o**2 + 19*o - 5. Let q be (-62)/(-8) + (-9)/12. Let c(x) = q*i(x) + 3*t(x). Calculate c(z).
-1
Let z(b) =